t is 18 + -2183846?
-2183827
In base 9, what is 5080710 + 11?
5080721
In base 16, what is 4 + -f65ced?
-f65ce9
In base 13, what is c38 - -16b0c4?
16c02c
In base 8, what is -125304 - -1625?
-123457
In base 13, what is 83b00b0 - -2?
83b00b2
In base 9, what is 3720 + 178?
4008
In base 15, what is -39291 + -4c5?
-39766
In base 5, what is -103243 + -404443?
-1013241
In base 8, what is -33262521 + 3?
-33262516
In base 15, what is -2 - -17c7a2?
17c7a0
In base 3, what is -22202101 + 20101121000?
20001211122
In base 14, what is 62c - -5c8?
c16
In base 2, what is 1110010111110101011101110 - 11?
1110010111110101011101011
In base 15, what is 3 + 1d05168?
1d0516b
In base 16, what is -555 + -704c?
-75a1
In base 13, what is 289427b - -5?
2894283
In base 9, what is 11 - 123163846?
-123163835
In base 13, what is 365a9b8a + 3?
365a9b90
In base 16, what is -3b52c4 - -1a?
-3b52aa
In base 2, what is 111 + 1000110100010101111100?
1000110100010110000011
In base 8, what is -1342061312 + 1?
-1342061311
In base 11, what is -14277a7 + -10?
-1427807
In base 16, what is -29afc + 69?
-29a93
In base 3, what is 102001000012 + -1111111?
101222111201
In base 2, what is -11000001001110110101010110 - -100?
-11000001001110110101010010
In base 10, what is -21284518 - 4?
-21284522
In base 15, what is -5e35a - -295?
-5e0b5
In base 15, what is 194 + -751a?
-7376
In base 10, what is 1 + 2485242?
2485243
In base 8, what is -130323077 + -45?
-130323144
In base 6, what is -2252 - -324535?
322243
In base 2, what is 10111001110001001 + 1010110010?
10111011000111011
In base 11, what is -4 + 54099a?
540996
In base 5, what is 4 + -343042444333?
-343042444324
In base 6, what is -4 - -34520300?
34520252
In base 15, what is 635b + 21e7?
8553
In base 6, what is -24233 - -155004?
130331
In base 2, what is 1010110110111110 - -11100110?
1010111010100100
In base 4, what is 10131033 - -11311?
10203010
In base 2, what is 11111011 - -100110111101010?
100111011100101
In base 5, what is -224324 - -331440?
102111
In base 9, what is -463 - 108560?
-110133
In base 7, what is 310642145 - -6?
310642154
In base 5, what is -3401 + -4303?
-13204
In base 9, what is -120 - -8014380?
8014260
In base 12, what is 188b + 3a8?
2077
In base 15, what is 25 + 84506?
8452b
In base 14, what is 2 + -3b46d?
-3b46b
In base 9, what is -1341 + 4336?
2885
In base 2, what is 110100011110001000 + 110000111?
110100100100001111
In base 5, what is 4 + -213412202040?
-213412202031
In base 4, what is 210021 + 222002030?
222212111
In base 8, what is -2 - 11365560?
-11365562
In base 2, what is -111010 + 100001111000110001001010?
100001111000110000010000
In base 10, what is -5 + -5241883?
-5241888
In base 15, what is 12ad + 515e?
641c
In base 8, what is -11 - -56762243?
56762232
In base 10, what is 89 + -417140?
-417051
In base 15, what is -2277e + -1e?
-2279d
In base 8, what is -506514 + 24?
-506470
In base 7, what is 16362616 - 55?
16362531
In base 14, what is -29b29ac - -5?
-29b29a7
In base 10, what is 3 + -16239462?
-16239459
In base 5, what is 300 + 13041013?
13041313
In base 6, what is 5 + -3213332135?
-3213332130
In base 5, what is -244011004 - 241?
-244011300
In base 16, what is 509dd5 - ed?
509ce8
In base 11, what is -6a - -14012?
13a53
In base 10, what is 10521543 - -19?
10521562
In base 14, what is 31600 - 47?
31597
In base 8, what is -14151057 + 3?
-14151054
In base 2, what is -11 + -101110000110011100001?
-101110000110011100100
In base 14, what is 17 - -26280a1?
26280b8
In base 12, what is -6a + 881a2?
88134
In base 4, what is -10002022303130 - 1?
-10002022303131
In base 6, what is -4522 - 422002?
-430524
In base 15, what is -1271220 + 1?
-127121e
In base 9, what is -1812136 + -3?
-1812140
In base 9, what is 380473 + -187?
380275
In base 11, what is 241 + -15191?
-14a50
In base 3, what is 222120 + 110201202?
111201022
In base 16, what is fd + 2c73?
2d70
In base 2, what is -10001010000101110 + 1011011111?
-10001000101001111
In base 6, what is 11242 - -3321?
15003
In base 3, what is 210012100 - 111012?
202201011
In base 4, what is -10 + 2111031012113?
2111031012103
In base 10, what is -13642 + -2947?
-16589
In base 2, what is -10110100101101101000011 + -10?
-10110100101101101000101
In base 6, what is -321502205051 + 0?
-321502205051
In base 2, what is -11111101 + 10110110001011?
10110010001110
In base 11, what is -3 - -26099106?
26099103
In base 13, what is -155125 + 241?
-154bb4
In base 12, what is 41 + -17a17?
-17996
In base 12, what is -248 - -354917?
35468b
In base 6, what is 103351005 + 2?
103351011
In base 12, what is 8 - -a63b70?
a63b78
In base 7, what is -133 - 562050?
-562213
In base 7, what is -5 - 10106165?
-10106203
In base 14, what is 11 + 9d1d110?
9d1d121
In base 2, what is 1001101110010011100001110110 - -10?
1001101110010011100001111000
In base 8, what is 4343247621 - -3?
4343247624
In base 16, what is 389 + 846d7?
84a60
In base 13, what is 132801 + -9?
1327c5
In base 13, what is 4 + 913ca59?
913ca60
In base 7, what is -25 + -654606605?
-654606633
In base 6, what is -2454 - 50325?
-53223
In base 12, what is -24 + 69553?
6952b
In base 3, what is 222 + 100111222202?
100112000201
In base 10, what is -109155 - -825?
-108330
In base 2, what is 10001100110001110 - -1001000110?
10001101111010100
In base 2, what is 111000011101000100010 + 1001000?
111000011101001101010
In base 9, what is -12764084 - -12?
-12764072
In base 16, what is -a679 - -165?
-a514
In base 14, what is -1c7b + 16b?
-1b10
In base 12, what is -8b14 + -1027?
-9b3b
In base 6, what is -24 - -20233310?
20233242
In base 6, what is -34 + -54235453?
-54235531
In base 9, what is 200701 + 106?
200807
In base 5, what is 313434324 + 1?
313434330
In base 8, what is 2 + -1171342334?
-1171342332
In base 8, what is -26071 + -2167?
-30260
In base 15, what is -2 + -2149514?
-2149516
In base 16, what is 4f0f9f - -9?
4f0fa8
In base 9, what is 120421744 + 1?
120421745
In base 3, what is 1221121 - 11001211121?
-10222220000
In base 11, what is -570 + 12621?
12061
In base 7, what is 2 + -115651430?
-115651425
In base 6, what is 4022504 - -5?
4022513
In base 12, what is -199b + -28089?
-29a68
In base 5, what is 10202 - -31344312?
31410014
In base 12, what is 1591212 + 7?
1591219
In base 6, what is -10214311 + 12234?
-10202033
In base 9, what is 217 - 81570?
-81352
In base 2, what is 10010 + 10100110111011000101?
10100110111011010111
In base 15, what is -1100b + -267?
-11273
In base 14, what is aa30a13 + -5?
aa30a0c
In base 3, what is -1111101 - 102212000?
-111100101
In base 4, what is 1331312 + 2321?
2000233
In base 13, what is 103 - -aa57?
ab5a
In base 10, what is -12 + -121530?
-121542
In base 7, what is 14043523202 - -2?
14043523204
In base 13, what is -47 - 4132a?
-41374
In base 2, what is -10110 - -11011101000001101?
11011100111110111
In base 11, what is a5a75 + -68?
a5a08
In base 13, what is -2649b95 + 1c?
-2649b76
In base 6, what is -3 + -1021331153?
-1021331200
In base 8, what is 17 - 2140407?
-2140370
In base 12, what is 722 + 21b5?
2917
In base 15, what is 0 + -33e659?
-33e659
In base 3, what is 21020222001121102 + 0?
21020222001121102
In base 15, what is 21a9 + -5bb?
1add
In base 9, what is -720 - 17416?
-18236
In base 14, what is d7d2db94 - -2?
d7d2db96
In base 10, what is 22 + -139456?
-139434
In base 8, what is 244 - -4634051?
4634315
In base 16, what is -1e34 + -31b?
-214f
In base 13, what is 110 + 249449?
249559
In base 10, what is -42993004 + 2?
-42993002
In base 11, what is -5 + 4279871?
4279867
In base 11, what is 1 + 3714a342?
3714a343
In base 13, what is -53 + -79b5?
-7a38
In base 4, what is -21120 + 1213311220?
1213230100
In base 13, what is 292 + 553668?
55392a
In base 5, what is -104433441 - -231?
-104433210
In base 6, what is 30132 - -312420?
342552
In base 2, what is -10110001100001110 - 1010001110000?
-10111011101111110
In base 11, what is -10048a37a + 4?
-10048a376
In base 14, what is -3c4596d - 1?
-3c45970
In base 8, what is 2 - 120515755?
-120515753
In base 12, what is 7849 - 36?
7813
In base 15, what is -68 + -111a2?
-1121a
In base 13, what is 6847 - -16a4?
821b
In base 12, what is -366466 - -3?
-366463
In base 3, what is 21020221201221 + 112?
21020221202110
In base 15, what is e89c - 1b5?
e6d7
In base 8, what is 4 + 1541625?
1541631
In base 